 3*b - b = -3*u + 35. Calculate the highest common divisor of b and 6.
2
Suppose 3*i = -3*t + 198, 177 = 3*t + 4*i - 23. Let p(y) = -745*y + 7452. Let c be p(10). What is the greatest common factor of c and t?
2
Suppose -2*j + 6 = 5*r - 4*j, -2*j + 2 = -r. Suppose 3*t + 47 - 672 = r*q, -5*t = -3*q - 1042. What is the highest common divisor of 44 and t?
11
Suppose 7 - 71 = -4*g. Let a = -193 - -201. Suppose -a*n = 35 - 547. Calculate the highest common divisor of g and n.
16
Suppose 75*s + 66*s - 192*s = -16218. Calculate the highest common divisor of s and 954.
318
Let m(v) = v**2. Let q(o) = 7*o**2 + 23*o + 15. Let z(f) = 5*m(f) - q(f). Let a be z(-9). What is the greatest common divisor of 15 and a?
15
Suppose -2*x + 2 = 0, -4*v - 255 = -x - 1486. Calculate the highest common factor of 2926 and v.
154
Let n(s) = 8*s**2 - 4*s + 2*s**3 - 34 + 4*s**2 - s**3 - 2*s**2. Let i be (-1 + 0)/((-30)/(-300)). Let q be n(i). What is the highest common divisor of 48 and q?
6
Suppose 0 = -3*t + 4*q + 45, t = 3*q + 2*q + 15. Suppose -b = -4*b + 12, -3*k = b - 1309. What is the greatest common divisor of k and t?
15
Suppose 5*p - 1314 = 3*m - 91, m + 431 = -3*p. Let o be (-3 - -2 - 21)*m/64. Calculate the highest common factor of o and 26.
13
Let n(m) = 71*m + 313. Let f be n(-1). What is the highest common divisor of 594 and f?
22
Let y be 4/3*1*54/36 - -74. What is the highest common divisor of y and 19?
19
Let z = 143 - 91. Let q = -703 - -885. What is the highest common factor of z and q?
26
Suppose -83316 = 285*x - 139478 - 170128. What is the greatest common factor of 10 and x?
2
Suppose n = -i + 19, i - 39 + 5 = -4*n. Let d be 40/(-6)*(-60)/8. Let h = d + -43. What is the highest common divisor of h and i?
7
Let i(u) = -u**3 - 36*u**2 + 38*u + 50. Let v be (-592)/24*6/4. Let x be i(v). What is the greatest common factor of x and 65?
13
Let m = 35976 - 18040. Suppose 15*k + m = 74*k. What is the greatest common divisor of 380 and k?
76
Suppose -19*y + 20*y + a = 0, 2*y - 5*a = 21. Suppose -x - 5*o + 206 = 0, y*x - 243 - 429 = 3*o. Calculate the highest common divisor of x and 13.
13
Let t be 15*3/7 - 6/14. Suppose -2*d + 10 = t. Suppose 98 = -0*u + d*u. Calculate the greatest common divisor of u and 7.
7
Suppose 242*m - 3645 - 3615 = 0. What is the greatest common factor of m and 2560?
10
Let n be -1 - (-11 - 12/3). Suppose 7*o = 4*o + 5*d + 220, -4*o - 4*d + 272 = 0. Let s = -35 + o. What is the highest common factor of s and n?
7
Let n be 2 + ((-4)/5)/((-1)/15). Suppose -n*z + 21 = -7*z. Let j(o) = 4*o**3 - 6*o**2 + 9*o - 4. Let g be j(z). What is the highest common factor of g and 22?
11
Let d be (-242)/(-6) + (-2)/6. Let f be (84/15)/(98/280). What is the highest common divisor of d and f?
8
Let u = 47 - 44. Suppose 3*w + 12 = 0, -u*q - 4*w - 4 = -0*q. Let t be 27/3 - 5/(q - -1). What is the highest common factor of 88 and t?
8
Let o = 141 + -101. Suppose 0 = -u + o + 14. Let v be 984/u - (-4)/(-18). What is the highest common factor of v and 63?
9
Let m = 31350 + -30457. What is the greatest common factor of 752 and m?
47
Let o = -314 - -371. Suppose -l + 4*u + 31 = -15, 4*l + 3*u = 146. Calculate the greatest common factor of o and l.
19
Let w be 8 + 2680/(-340) + (-1324)/(-17)*1. Calculate the highest common divisor of 663 and w.
39
Let c(t) = 2*t**2 + 51*t - 189. Let v be c(-33). Calculate the highest common factor of 782 and v.
34
Let d = 110 - 101. Suppose -4*l = -5*r + 3 - 157, -3*r = 5*l - 174. What is the greatest common divisor of d and l?
9
Let u(r) = r**2 + 2*r + 1. Let d be u(4). Let q = d - 31. Let f be -2*(2/q)/(1/3). Calculate the greatest common divisor of 3 and f.
1
Suppose 4*c - 3*o - 7992 = 9632, 0 = o + 4. Calculate the greatest common factor of c and 17.
17
Let g be ((-38242)/6 + (3 - 2))/((-466)/699). Calculate the greatest common divisor of 484 and g.
121
Suppose 114*a - 118*a - 100 = 0. Let h be (1 - (-280)/a)*-10. Suppose -26 + h = 2*f. What is the highest common divisor of f and 38?
38
Let a(t) = 2*t**2 - 34*t - 756. Let l be a(-22). Calculate the highest common factor of 336 and l.
48
Suppose 2569 + 263 = 177*b. Calculate the greatest common factor of 2 and b.
2
Let z be 14 + -9 + -12 + (4781 - 4). What is the highest common divisor of z and 135?
45
Let i(j) = 45*j + 3366. Let q be i(-74). Calculate the highest common factor of q and 8028.
36
Let k = 62 - 26. Let h be ((-104)/3)/4 + (-12)/k. Let r = h - -41. What is the highest common divisor of r and 32?
32
Suppose -2658 = -4*x + 2*b, -x - 5*b + 9*b = -661. What is the greatest common divisor of x and 140?
35
Let m = 1485 - 2101. Let q = m + 891. Calculate the greatest common factor of q and 75.
25
Let f(n) = 8*n + 18. Let r be f(0). Let d(h) = -6*h + 116. Let c be d(r). Calculate the greatest common factor of c and 64.
8
Let z(i) = -i**2 + 12*i + 14. Let k be z(13). Let s be k/(0 + 1) + 17. Suppose -7*j + 8 = -6. Calculate the greatest common factor of j and s.
2
Let f = -359 + 1104. Calculate the greatest common divisor of 2533 and f.
149
Let r = -734 - -735. Calculate the greatest common divisor of r and 222.
1
Let y = 5 - -1. Suppose -w + 4*a = w - y, -5*a = 3*w - 9. Suppose -o - 79 = -w*v, -82 = -6*v + 3*v + 4*o. Calculate the greatest common divisor of 39 and v.
13
Suppose -134*b + 23*b + 25844 = 31*b. Suppose -5*g - 56 = -9*g. Calculate the greatest common factor of b and g.
14
Suppose 5*j + 317 - 67 = 0. Let u = j - -282. Calculate the highest common factor of 58 and u.
58
Suppose 4*d - 18 = 6. Suppose 450 = -0*x + d*x. Suppose 9*f + 91 = 226. Calculate the greatest common factor of f and x.
15
Suppose 23*c - 8527 = 2513. What is the highest common factor of c and 300?
60
Let m(c) = -76*c - 140. Let l be m(-16). What is the greatest common divisor of 4 and l?
4
Let n be 2/(1/(17/2)). Suppose 16*p - 41*p + 75 = 0. Let d be (-17)/p*(-26 - -2). Calculate the greatest common factor of d and n.
17
Let s(a) = 23*a + 109. Let k be s(19). Suppose 3*o - 3*g = k, 4*o + 0*g = -g + 728. Calculate the highest common factor of 14 and o.
14
Let w(c) = c**3 - 29*c**2 - 253*c + 92. Let g be w(36). What is the greatest common divisor of 1 and g?
1
Suppose -3*r + 5*y = -0*r - 49, -3*y + 1 = 2*r. Let d be 3/2 - 61/(-122). Let p be (-8 - d)/((-20)/48). Calculate the highest common divisor of r and p.
8
Suppose 0 = 5*m + 5*g - 205, 826*g - 831*g + 25 = m. Calculate the highest common factor of m and 165.
15
Let u = 18 - 13. Suppose u*l = -0*l - 2*b + 17, 2*l + 10 = -5*b. Let v = -59 + 74. What is the greatest common factor of v and l?
5
Let t be 196/42*(-9)/(-24)*60. Let z = 2 - -18. What is the highest common factor of z and t?
5
Let l be -91 + (-2 + 0)/(6/(-9)). Let x = l - -85. Let h be (-2)/(-8)*x + 129/12. Calculate the greatest common divisor of h and 60.
10
Let s = 78 + -80. Let a be s + -12*(4/3 - 2). Let v be -1*(24/(-4) + -3 - -3). What is the greatest common factor of v and a?
6
Let c(u) be the first derivative of u**2/2 + 36*u - 41. Let q be c(4). Calculate the greatest common factor of 20 and q.
20
Suppose 77 + 24 = u - 20. What is the greatest common factor of u and 275?
11
Let c(d) be the third derivative of d**6/60 + 29*d**5/30 + d**3/3 + 38*d**2. Let u be c(-29). What is the highest common factor of 7 and u?
1
Let c = 4275 - 4203. Calculate the greatest common factor of c and 2472.
24
Suppose -2*z - 14 = -4*v - 50, 3*z + 4*v = 124. Calculate the highest common factor of 58 and z.
2
Let k = 17970 - 12087. What is the greatest common factor of k and 53?
53
Let l = -216 - -216. Suppose p + 3*k - 105 = l, 5*p - 620 = -k + 5*k. Calculate the highest common factor of p and 48.
24
Let a(i) = -3*i**2 + 14*i + 7. Let o be a(3). Let l(m) = -m + 31. Let p be l(o). Calculate the greatest common factor of 441 and p.
9
Let q = -71 - -21. Let a = q - -70. Suppose -2*k = -o - 7, 0 = 3*o + 4*k - 2644 + 2605. What is the greatest common divisor of o and a?
5
Let k = 1567 + -1547. Let s(p) = -2*p**3 + 2*p**2 + p + 1. Let d be s(2). Let w = d - -9. What is the greatest common factor of k and w?
4
Let a = -2022 - -2602. Calculate the greatest common factor of 260 and a.
20
Let q(i) = 2*i**3 - 3*i**2 - 5*i + 10. Suppose -3*y - 16 = -11*y. Let l be q(y). Calculate the highest common d